?
2, 43
Let p be (-4)/(-22) + (-485)/(-55). Suppose 3*x = -t + 18, 5*t = 2*x + 115 + p. List the prime factors of t.
2, 3
What are the prime factors of (-7)/((-21)/24) + 1?
3
Suppose q - 14 = 20. What are the prime factors of q?
2, 17
Let o(r) = r - 4 - 3*r - 2*r + r. What are the prime factors of o(-8)?
2, 5
Suppose 1064 = 10*m - 2*m. List the prime factors of m.
7, 19
Let o = -7 + 0. Let w be (-1 + o)/(-2 - 0). Suppose 4*t = 2*t - w*c + 14, 2*t = c + 24. List the prime factors of t.
11
Let u(k) = 2*k + 3. Let x be u(-2). Let r = 19 - 8. Let q = r - x. What are the prime factors of q?
2, 3
Let h(b) = -b. Let n be h(7). Let g(i) be the second derivative of -i**3/3 - 4*i**2 + 7*i. List the prime factors of g(n).
2, 3
Let f be 1 + -1 + -7 + 9. What are the prime factors of 4/(-6)*f*-12?
2
Let k = -5 - -8. Suppose 5*o - 2*u - 93 = 0, -o + k = 3*u - 2. Let m = 30 - o. What are the prime factors of m?
13
Let q(r) = -2*r**3 + 8*r**2 + 19*r - 2. List the prime factors of q(-4).
2, 89
Let w(u) = u**2 - 10*u + 5. Let s be w(10). Suppose -s*t + 30 = -0*t. Suppose 3*a - t - 30 = 0. What are the prime factors of a?
2, 3
Suppose 2*w - 2 = 8. Suppose -2 = d, 0 = -w*a - 2*d + 69 + 37. What are the prime factors of a?
2, 11
Let n(f) = -146*f - 1. Let r be n(-1). Suppose -55 + r = 3*d. Suppose 0*h - 4*j + d = 5*h, 5*h + 2*j = 30. List the prime factors of h.
2, 3
Let k = -4 + 10. Let r(q) = 6*q + 7. What are the prime factors of r(k)?
43
Suppose j - 3 = -g, 0*j + 7 = 5*j - 3*g. What are the prime factors of (37 + 3)*j/5?
2
Let p = 2 - 2. Suppose p*k - 3 = -k. Suppose -12 = a - 5*v - 2, v = -k*a + 34. What are the prime factors of a?
2, 5
List the prime factors of (2*(-3)/(-6))/((-3)/(-882)).
2, 3, 7
Suppose 2*h = -4*z - 12, -12 = 2*h - h + 4*z. Let s be h*2*(-3)/12. Suppose s = -2*r + 23 - 7. What are the prime factors of r?
2
Let c(h) = 2 - 7*h - h - 13*h. Let l be c(-2). Suppose j + 9 + 3 = -5*s, -4*j + 3*s + l = 0. What are the prime factors of j?
2
Let z = 133 - 85. List the prime factors of z.
2, 3
Suppose -73 = -t + 2*h, 0*h - 175 = -3*t - 5*h. Let r = t - 45. What are the prime factors of r?
2, 5
Let a(j) = j**3 - j**2 - 2*j + 6. What are the prime factors of a(4)?
2, 23
Suppose 2*q = g + 9, q - 17 = 3*g - 5. Suppose -b = -q*b + 16. What are the prime factors of b?
2
Let v = -183 + 264. List the prime factors of v.
3
Suppose i = -2*i + 105. What are the prime factors of i?
5, 7
Suppose -2*o = 34 - 2. Let c be 2*4/(o/(-18)). What are the prime factors of c/(-3)*19/(-3)?
19
Suppose -8 = j + 3*j - 3*p, 0 = -4*j + 2*p - 4. Suppose j = 3*u - 2. List the prime factors of ((-27)/15)/(u/(-5)).
3
Let v(a) = 18*a**3 + 2*a - 1. What are the prime factors of v(1)?
19
Suppose b + 45 = -4*b. Let m(r) = r**3 + 10*r**2 + 5*r - 9. What are the prime factors of m(b)?
3
Suppose 35 = 5*n - 0*n. Suppose -3*r - n + 4 = 3*s, s - 4*r = 4. What are the prime factors of (-14 - (-2 - s))/(-1)?
2, 3
Let w be (-9)/(-18) - (-15)/2. Suppose -3*x = -4*o - 61, 0 = -3*x + 3*o - w*o + 79. List the prime factors of x.
23
Suppose -3*i = -0*r + r - 45, -4*i = -r + 17. Suppose 5*m - r = 12. List the prime factors of m.
3
Suppose -240 + 685 = 5*i. What are the prime factors of i?
89
Let k(i) = -i**3 - 7*i**2 - i - 6. Let y be k(-7). Let b(f) = 5*f**2. What are the prime factors of b(y)?
5
Let y = -21 - -31. Let r(j) = -j**2 + 13*j - 4. Let w be r(y). Let g = 37 - w. What are the prime factors of g?
11
Let g(u) = u + 4. Let v be g(8). What are the prime factors of 1/3 - (-212)/v?
2, 3
Let b(i) = i - 4. Let u(z) = -z**2 + 7*z - 6. Let t be u(4). Let j be b(t). List the prime factors of j*(-6)/4*-2.
2, 3
Let q be 1/((-6)/(-543))*2. Suppose 2*u + u = 4*h + 131, -h + q = 4*u. Let d = u + -30. List the prime factors of d.
3, 5
Suppose -2*k - 19 = -59. What are the prime factors of k?
2, 5
Suppose -j + 2*l + 3*l = -19, -5*j + 23 = -l. Suppose 8 = 5*w - j*w. Let p = w - 4. What are the prime factors of p?
2
Let l = 261 - 143. What are the prime factors of l?
2, 59
Let k = 24 + 6. Suppose 0 = 2*j + 2*w - 28, 5*j + w = 6*w + k. What are the prime factors of j?
2, 5
Suppose 0 = -i + 4 - 1. Suppose q - i*c = -23, -3*q + c - 3*c - 36 = 0. Let h = q - -22. What are the prime factors of h?
2
Let b(z) = -6*z - 4. Let d be b(-7). Let w be (0 - -1) + 0 - d. Let t = -23 - w. What are the prime factors of t?
2, 7
Suppose 50 = 2*l + 4*k - 5*k, -2*k = 4. Let r be (-1)/(-4) + 114/l. Suppose -4*u - 4*g + r = -11, -5 = u + 4*g. What are the prime factors of u?
7
Let b be (2/(-4))/((-1)/4). Let y be (-25)/(-3) - 1/3. List the prime factors of b/y - (-19)/4.
5
Let t = 5 - 8. Let x = -1 - t. Suppose l = 6*l - x*d - 43, 0 = d + 4. List the prime factors of l.
7
Suppose -4*m + 182 = -46. Suppose -5*k + 2*k + m = 0. List the prime factors of k.
19
Let q(m) = -m**3 - 13*m + 2*m - 13*m**2 + 0*m - 7 - 3*m. Suppose -j - 44 = j + 4*g, -5*j - g - 65 = 0. What are the prime factors of q(j)?
17
Let t = 22 - 0. List the prime factors of t.
2, 11
Suppose -3*f = 4*p - 297, 2*p + 5*f - 220 = -p. List the prime factors of p.
3, 5
Suppose 2*n = 6*n - 32. Let c = n + -6. Suppose c*v = 24 - 8. What are the prime factors of v?
2
What are the prime factors of -1 + 46/((-8)/(-4))?
2, 11
Suppose -5*q + 23 = 3. Suppose -3*v + q*y + 35 = 0, 5*v - 72 = v - y. List the prime factors of v.
17
Let g(w) be the first derivative of w**2/2 - 5*w - 1. Let u = 29 - 22. List the prime factors of g(u).
2
Let q(p) = p**2 - 3*p - 2. Let f(u) = -u + 4. Let k be f(0). Let x = 10 - k. What are the prime factors of q(x)?
2
Suppose -k = -2*q + 679, 341 - 1701 = -4*q + 4*k. What are the prime factors of q?
3, 113
Let l(z) = z**3 - 7*z**2 + 7*z + 3. Let h be l(6). Let g(n) = 3*n - 5. List the prime factors of g(h).
2, 11
Let g(s) = s**3 + 3*s**2 - 7*s - 6. What are the prime factors of g(-4)?
2, 3
Let s(n) = n**3 + 5*n**2 + 3*n + 5. Let x be s(-4). Suppose -x = -4*b + 7. Suppose -2*u + b*u - 6 = 0. What are the prime factors of u?
3
What are the prime factors of (24/28)/(-3) - 2379/(-21)?
113
Let d(k) = 2*k + 9. Let l be d(-8). List the prime factors of 1*11 - (l - -9).
3
Let x = 99 - 61. List the prime factors of x.
2, 19
Let k be (-2 + 0 - -1) + 2. Suppose 3*s + 6 = s. List the prime factors of (2 + k)*(-4)/s.
2
Let s(r) = -28*r + 6. What are the prime factors of s(-4)?
2, 59
Let s(l) = -3*l**2 + l + 1. Let f be s(-1). Let c = 5 + f. List the prime factors of 5/c*(-6)/(-5).
3
Let i = -21 - -12. Let v = -3 - i. Let d = 11 - v. List the prime factors of d.
5
Let g(d) = 2*d + 3. Let c be g(0). Suppose j - c*j + 27 = 5*s, 3*j - 8 = -s. What are the prime factors of s?
5
Let n(i) = i**3 + 7*i**2 + 6*i + 7. Let s = -6 - -8. Suppose -w - m = -s*w - 10, -3*m = 3*w + 6. What are the prime factors of n(w)?
7
Let y = -11 + 27. Let q = y + -9. Suppose -3*k + q + 29 = 0. What are the prime factors of k?
2, 3
Suppose -5*v + 13 = -4*o, -5*v - o + 18 + 10 = 0. Let l(x) be the third derivative of x**4/24 - x**3/6 - 9*x**2. List the prime factors of l(v).
2
Suppose -z = 2*m - 31, 0 = -5*z - m - 2*m + 148. What are the prime factors of z?
29
Let d(g) be the second derivative of -g**6/360 + g**5/15 - g**4/24 - g**3/3 + 2*g. Let n(h) be the second derivative of d(h). List the prime factors of n(7).
2, 3
List the prime factors of 23 + -3 + (6 - -1).
3
Let f = 91 + -22. List the prime factors of f.
3, 23
Let m be 6*((-3)/(-6) + -2). Let t(n) = n**2 + 6*n - 10. List the prime factors of t(m).
17
Suppose -26 + 914 = 4*r. List the prime factors of r.
2, 3, 37
Suppose -3*q + z + 251 = 6*z, 4*q = -3*z + 353. What are the prime factors of q?
2, 23
Suppose 0 = 3*v - 5*v + 2*g + 60, -3*g = -5*v + 154. List the prime factors of v.
2
Let q = -2 + -38. List the prime factors of q/(-14)*14/4.
2, 5
Let p(b) = -b**2 - 4*b + 3. Let q be p(-4). What are the prime factors of (-3)/((q + -6)/21)?
3, 7
Suppose 2*m - 4*m + 5*c - 10 = 0, c - 2 = -m. Suppose 2*w = -m*w + 42. List the prime factors of w.
3, 7
Let l = 4 + -2. Suppose 5*q - 18 = -3*w, -l*q + 5*w + 4 = q. List the prime factors of q.
3
Let v(x) = 2*x + 2. Suppose j = 2*j - 6. List the prime factors of v(j).
2, 7
Let u = 85 - 46. Suppose -2*w + 2*b = -52, 0 = -2*w - 5*b + 6 + u. What are the prime factors of w?
5
Let s = -169 + 306. What are